{"id":59,"date":"2020-08-17T09:02:29","date_gmt":"2020-08-17T07:02:29","guid":{"rendered":"http:\/\/spwinadmin.fr\/?page_id=59"},"modified":"2020-08-28T09:31:49","modified_gmt":"2020-08-28T07:31:49","slug":"mes-prestations","status":"publish","type":"page","link":"https:\/\/spwinadmin.fr\/?page_id=59","title":{"rendered":"Mes Prestations"},"content":{"rendered":"\t\t<div data-elementor-type=\"wp-page\" data-elementor-id=\"59\" class=\"elementor elementor-59\" data-elementor-settings=\"[]\">\n\t\t\t\t\t\t<div class=\"elementor-inner\">\n\t\t\t\t\t\t\t<div class=\"elementor-section-wrap\">\n\t\t\t\t\t\t\t<section class=\"elementor-section elementor-top-section elementor-element elementor-element-11e98c4 elementor-section-boxed elementor-section-height-default elementor-section-height-default\" data-id=\"11e98c4\" data-element_type=\"section\">\n\t\t\t\t\t\t<div class=\"elementor-container elementor-column-gap-default\">\n\t\t\t\t\t\t\t<div class=\"elementor-row\">\n\t\t\t\t\t<div class=\"elementor-column elementor-col-100 elementor-top-column elementor-element elementor-element-09b1a67\" data-id=\"09b1a67\" data-element_type=\"column\">\n\t\t\t<div class=\"elementor-column-wrap elementor-element-populated\">\n\t\t\t\t\t\t\t<div class=\"elementor-widget-wrap\">\n\t\t\t\t\t\t<div class=\"elementor-element elementor-element-995ac50 elementor-widget elementor-widget-text-editor\" data-id=\"995ac50\" data-element_type=\"widget\" data-widget_type=\"text-editor.default\">\n\t\t\t\t<div class=\"elementor-widget-container\">\n\t\t\t\t\t<div class=\"elementor-text-editor elementor-clearfix\"><p>Services \u00e0 la carte<\/p><p>Nous d\u00e9finissons ensemble vos besoins*<\/p><p>\u00a0<\/p><\/div>\n\t\t\t\t<\/div>\n\t\t\t\t<\/div>\n\t\t\t\t\t\t<\/div>\n\t\t\t\t\t<\/div>\n\t\t<\/div>\n\t\t\t\t\t\t\t\t<\/div>\n\t\t\t\t\t<\/div>\n\t\t<\/section>\n\t\t\t\t<section class=\"elementor-section elementor-top-section elementor-element elementor-element-0af9af5 elementor-section-boxed elementor-section-height-default elementor-section-height-default\" data-id=\"0af9af5\" data-element_type=\"section\">\n\t\t\t\t\t\t<div class=\"elementor-container elementor-column-gap-default\">\n\t\t\t\t\t\t\t<div class=\"elementor-row\">\n\t\t\t\t\t<div class=\"elementor-column elementor-col-100 elementor-top-column elementor-element elementor-element-0e31cd2\" data-id=\"0e31cd2\" data-element_type=\"column\">\n\t\t\t<div class=\"elementor-column-wrap elementor-element-populated\">\n\t\t\t\t\t\t\t<div class=\"elementor-widget-wrap\">\n\t\t\t\t\t\t<div class=\"elementor-element elementor-element-ec03a9d elementor-widget elementor-widget-text-editor\" data-id=\"ec03a9d\" data-element_type=\"widget\" data-widget_type=\"text-editor.default\">\n\t\t\t\t<div class=\"elementor-widget-container\">\n\t\t\t\t\t<div class=\"elementor-text-editor elementor-clearfix\"><p>*La liste des prestations propos\u00e9es ci-dessous n&rsquo;est pas exhaustive.<\/p><\/div>\n\t\t\t\t<\/div>\n\t\t\t\t<\/div>\n\t\t\t\t\t\t<\/div>\n\t\t\t\t\t<\/div>\n\t\t<\/div>\n\t\t\t\t\t\t\t\t<\/div>\n\t\t\t\t\t<\/div>\n\t\t<\/section>\n\t\t\t\t<section class=\"elementor-section elementor-top-section elementor-element elementor-element-8574b85 elementor-section-boxed elementor-section-height-default elementor-section-height-default\" data-id=\"8574b85\" data-element_type=\"section\">\n\t\t\t\t\t\t<div class=\"elementor-container elementor-column-gap-default\">\n\t\t\t\t\t\t\t<div class=\"elementor-row\">\n\t\t\t\t\t<div class=\"elementor-column elementor-col-50 elementor-top-column elementor-element elementor-element-919e334\" data-id=\"919e334\" data-element_type=\"column\">\n\t\t\t<div class=\"elementor-column-wrap elementor-element-populated\">\n\t\t\t\t\t\t\t<div class=\"elementor-widget-wrap\">\n\t\t\t\t\t\t<div class=\"elementor-element elementor-element-e49cf6d elementor-widget elementor-widget-heading\" data-id=\"e49cf6d\" data-element_type=\"widget\" data-widget_type=\"heading.default\">\n\t\t\t\t<div class=\"elementor-widget-container\">\n\t\t\t<h2 class=\"elementor-heading-title elementor-size-default\">VITICULTEURS<br><br><br><\/h2>\t\t<\/div>\n\t\t\t\t<\/div>\n\t\t\t\t\t\t<\/div>\n\t\t\t\t\t<\/div>\n\t\t<\/div>\n\t\t\t\t<div class=\"elementor-column elementor-col-50 elementor-top-column elementor-element elementor-element-18e6021\" data-id=\"18e6021\" data-element_type=\"column\">\n\t\t\t<div class=\"elementor-column-wrap elementor-element-populated\">\n\t\t\t\t\t\t\t<div class=\"elementor-widget-wrap\">\n\t\t\t\t\t\t<div class=\"elementor-element elementor-element-3059659 elementor-widget elementor-widget-text-editor\" data-id=\"3059659\" data-element_type=\"widget\" data-widget_type=\"text-editor.default\">\n\t\t\t\t<div class=\"elementor-widget-container\">\n\t\t\t\t\t<div class=\"elementor-text-editor elementor-clearfix\"><p><strong>\u00a0<\/strong><span style=\"text-decoration: underline;\"><strong>Assistanat Commercial et administratif:<\/strong><\/span><\/p><p>&#8211; De la prise de commande jusqu&rsquo;\u00e0 la facturation, suivi des paiements et relances.<\/p><p>&#8211; DMS et autres d\u00e9clarations li\u00e9es \u00e0 la l\u00e9gislation.<\/p><p>&#8211; Achats de mati\u00e8res s\u00e8ches.<\/p><p>&#8211; Organisation des mises.<\/p><p>&#8211; Organisation des \u00e9v\u00e9nements : Salons, foires, d\u00e9gustations.<\/p><p>&#8211; Gestion des recrutements saisonniers ou int\u00e9rimaires et suivi administratif.<\/p><\/div>\n\t\t\t\t<\/div>\n\t\t\t\t<\/div>\n\t\t\t\t\t\t<\/div>\n\t\t\t\t\t<\/div>\n\t\t<\/div>\n\t\t\t\t\t\t\t\t<\/div>\n\t\t\t\t\t<\/div>\n\t\t<\/section>\n\t\t\t\t<section class=\"elementor-section elementor-top-section elementor-element elementor-element-5d7de25 elementor-section-boxed elementor-section-height-default elementor-section-height-default\" data-id=\"5d7de25\" data-element_type=\"section\">\n\t\t\t\t\t\t<div class=\"elementor-container elementor-column-gap-default\">\n\t\t\t\t\t\t\t<div class=\"elementor-row\">\n\t\t\t\t\t<div class=\"elementor-column elementor-col-50 elementor-top-column elementor-element elementor-element-ba05f70\" data-id=\"ba05f70\" data-element_type=\"column\">\n\t\t\t<div class=\"elementor-column-wrap elementor-element-populated\">\n\t\t\t\t\t\t\t<div class=\"elementor-widget-wrap\">\n\t\t\t\t\t\t<div class=\"elementor-element elementor-element-31fb34f elementor-widget elementor-widget-heading\" data-id=\"31fb34f\" data-element_type=\"widget\" data-widget_type=\"heading.default\">\n\t\t\t\t<div class=\"elementor-widget-container\">\n\t\t\t<h2 class=\"elementor-heading-title elementor-size-default\">N\u00c9GOCIANTS<\/h2>\t\t<\/div>\n\t\t\t\t<\/div>\n\t\t\t\t\t\t<\/div>\n\t\t\t\t\t<\/div>\n\t\t<\/div>\n\t\t\t\t<div class=\"elementor-column elementor-col-50 elementor-top-column elementor-element elementor-element-f0e4a82\" data-id=\"f0e4a82\" data-element_type=\"column\">\n\t\t\t<div class=\"elementor-column-wrap elementor-element-populated\">\n\t\t\t\t\t\t\t<div class=\"elementor-widget-wrap\">\n\t\t\t\t\t\t<div class=\"elementor-element elementor-element-adca5f3 elementor-widget elementor-widget-text-editor\" data-id=\"adca5f3\" data-element_type=\"widget\" data-widget_type=\"text-editor.default\">\n\t\t\t\t<div class=\"elementor-widget-container\">\n\t\t\t\t\t<div class=\"elementor-text-editor elementor-clearfix\"><p><strong>\u00a0<span style=\"text-decoration: underline;\">Achats vins courants et\u00a0 achats primeurs :\u00a0<\/span><\/strong><\/p><p>&#8211; Gestion de la saisie jusqu&rsquo;\u00e0 la r\u00e9ception.\u00a0<\/p><p><strong>\u00a0<\/strong><span style=\"text-decoration: underline;\"><strong>Instructions de mises :<\/strong><\/span><\/p><p>&#8211; De la demande jusqu&rsquo;\u00e0 l&rsquo;envoi aux fournisseurs, planning des r\u00e9ceptions.<\/p><p><strong>\u00a0<\/strong><span style=\"text-decoration: underline;\"><strong>Organisation des mises :<\/strong><\/span><\/p><p>&#8211; Relations avec les groupes d\u2019embouteillages, les laboratoires et les organismes de pr\u00e9l\u00e8vements.<\/p><p><strong>\u00a0<\/strong><span style=\"text-decoration: underline;\"><strong>Achats mati\u00e8res s\u00e8ches :\u00a0<\/strong><\/span><\/p><p>&#8211; Gestion de la demande, passage des commandes et suivi jusqu&rsquo;\u00e0 la livraison.<\/p><p><strong>\u00a0<\/strong><span style=\"text-decoration: underline;\"><strong>Assistanat Commercial :<\/strong><\/span><\/p><p>&#8211; De la saisie de la commande jusqu&rsquo;\u00e0 la livraison.<\/p><p>&#8211; Gestion de l&rsquo;ADV : tous documents li\u00e9s \u00e0 la l\u00e9gislation.\u00a0<\/p><p>&#8211; Facturations, suivis des paiements et relances.<\/p><p><strong>\u00a0<\/strong><span style=\"text-decoration: underline;\"><strong>Comptabilit\u00e9 Mati\u00e8re :\u00a0<\/strong><\/span><\/p><p>&#8211; Tenue de la r\u00e9gie, d\u00e9clarations mensuelles et annuelles.<\/p><p><strong>\u00a0<\/strong><span style=\"text-decoration: underline;\"><strong>Logistique :<\/strong><\/span><\/p><p>&#8211; Relations avec les transporteurs et les transitaires, affr\u00e8tements, gestion des litiges.<\/p><p>&#8211; Gestion administrative des exp\u00e9ditions : Etablissement des documents douaniers.<\/p><p>&#8211; Gestions administrative des r\u00e9ceptions.<\/p><p>&#8211; Gestion des plannings des pr\u00e9parations.<\/p><p>&#8211; Gestion administrative des stocks et RFSE.<\/p><p>&#8211; Organisation et saisie des inventaires.<\/p><p>&#8211; Cr\u00e9ation des codes barres, des passes et warning, des contres-\u00e9tiquettes.<\/p><\/div>\n\t\t\t\t<\/div>\n\t\t\t\t<\/div>\n\t\t\t\t\t\t<\/div>\n\t\t\t\t\t<\/div>\n\t\t<\/div>\n\t\t\t\t\t\t\t\t<\/div>\n\t\t\t\t\t<\/div>\n\t\t<\/section>\n\t\t\t\t<section class=\"elementor-section elementor-top-section elementor-element elementor-element-bd1b623 elementor-section-boxed elementor-section-height-default elementor-section-height-default\" data-id=\"bd1b623\" data-element_type=\"section\">\n\t\t\t\t\t\t<div class=\"elementor-container elementor-column-gap-default\">\n\t\t\t\t\t\t\t<div class=\"elementor-row\">\n\t\t\t\t\t<div class=\"elementor-column elementor-col-50 elementor-top-column elementor-element elementor-element-da73a92\" data-id=\"da73a92\" data-element_type=\"column\">\n\t\t\t<div class=\"elementor-column-wrap elementor-element-populated\">\n\t\t\t\t\t\t\t<div class=\"elementor-widget-wrap\">\n\t\t\t\t\t\t<div class=\"elementor-element elementor-element-141fd8f elementor-widget elementor-widget-heading\" data-id=\"141fd8f\" data-element_type=\"widget\" data-widget_type=\"heading.default\">\n\t\t\t\t<div class=\"elementor-widget-container\">\n\t\t\t<h2 class=\"elementor-heading-title elementor-size-default\">ENTREPOSITAIRES<\/h2>\t\t<\/div>\n\t\t\t\t<\/div>\n\t\t\t\t\t\t<\/div>\n\t\t\t\t\t<\/div>\n\t\t<\/div>\n\t\t\t\t<div class=\"elementor-column elementor-col-50 elementor-top-column elementor-element elementor-element-b02213a\" data-id=\"b02213a\" data-element_type=\"column\">\n\t\t\t<div class=\"elementor-column-wrap elementor-element-populated\">\n\t\t\t\t\t\t\t<div class=\"elementor-widget-wrap\">\n\t\t\t\t\t\t<div class=\"elementor-element elementor-element-90c54c6 elementor-widget elementor-widget-text-editor\" data-id=\"90c54c6\" data-element_type=\"widget\" data-widget_type=\"text-editor.default\">\n\t\t\t\t<div class=\"elementor-widget-container\">\n\t\t\t\t\t<div class=\"elementor-text-editor elementor-clearfix\"><p>&#8211; Gestion des flux entrants et sortants<\/p><p>&#8211; Gestion des stocks et stocks RFSE<\/p><p>&#8211; R\u00e9gie<\/p><p>&#8211; Relations avec les clients.<\/p><\/div>\n\t\t\t\t<\/div>\n\t\t\t\t<\/div>\n\t\t\t\t\t\t<\/div>\n\t\t\t\t\t<\/div>\n\t\t<\/div>\n\t\t\t\t\t\t\t\t<\/div>\n\t\t\t\t\t<\/div>\n\t\t<\/section>\n\t\t\t\t<section class=\"elementor-section elementor-top-section elementor-element elementor-element-d6b14c3 elementor-section-boxed elementor-section-height-default elementor-section-height-default\" data-id=\"d6b14c3\" data-element_type=\"section\">\n\t\t\t\t\t\t<div class=\"elementor-container elementor-column-gap-default\">\n\t\t\t\t\t\t\t<div class=\"elementor-row\">\n\t\t\t\t\t<div class=\"elementor-column elementor-col-100 elementor-top-column elementor-element elementor-element-3ec493b\" data-id=\"3ec493b\" data-element_type=\"column\">\n\t\t\t<div class=\"elementor-column-wrap elementor-element-populated\">\n\t\t\t\t\t\t\t<div class=\"elementor-widget-wrap\">\n\t\t\t\t\t\t<div class=\"elementor-element elementor-element-0bebc5c elementor-widget elementor-widget-text-editor\" data-id=\"0bebc5c\" data-element_type=\"widget\" data-widget_type=\"text-editor.default\">\n\t\t\t\t<div class=\"elementor-widget-container\">\n\t\t\t\t\t<div class=\"elementor-text-editor elementor-clearfix\"><p><strong>\u00a0Connaissance de plusieurs logiciels :<\/strong><\/p><p><strong>\u00a0ID400 \/ ID200 \/ JDE \/ GRAPPE \/ GAMMA \/ PRO DOUANE \/ REGIE+ \/ PACK OFFICE \/ CODESOFT<\/strong><\/p><p><strong>\u00a0Adaptation rapide sur tous logiciels.<\/strong><\/p><\/div>\n\t\t\t\t<\/div>\n\t\t\t\t<\/div>\n\t\t\t\t\t\t<\/div>\n\t\t\t\t\t<\/div>\n\t\t<\/div>\n\t\t\t\t\t\t\t\t<\/div>\n\t\t\t\t\t<\/div>\n\t\t<\/section>\n\t\t\t\t<section class=\"elementor-section elementor-top-section elementor-element elementor-element-3a9ac95 elementor-section-boxed elementor-section-height-default elementor-section-height-default\" data-id=\"3a9ac95\" data-element_type=\"section\" data-settings=\"{&quot;background_background&quot;:&quot;classic&quot;}\">\n\t\t\t\t\t\t<div class=\"elementor-container elementor-column-gap-default\">\n\t\t\t\t\t\t\t<div class=\"elementor-row\">\n\t\t\t\t\t<div class=\"elementor-column elementor-col-100 elementor-top-column elementor-element elementor-element-5740ebe\" data-id=\"5740ebe\" data-element_type=\"column\">\n\t\t\t<div class=\"elementor-column-wrap elementor-element-populated\">\n\t\t\t\t\t\t\t<div class=\"elementor-widget-wrap\">\n\t\t\t\t\t\t<div class=\"elementor-element elementor-element-41618c5 elementor-widget elementor-widget-text-editor\" data-id=\"41618c5\" data-element_type=\"widget\" data-widget_type=\"text-editor.default\">\n\t\t\t\t<div class=\"elementor-widget-container\">\n\t\t\t\t\t<div class=\"elementor-text-editor elementor-clearfix\"><p><strong>*Toutes prestations fera l&rsquo;objet d&rsquo;un devis gratuit.<\/strong><\/p><p><strong>*Forfaits \u00e0 l&rsquo;heure, demi-journ\u00e9e, journ\u00e9e, semaine.<\/strong><\/p><\/div>\n\t\t\t\t<\/div>\n\t\t\t\t<\/div>\n\t\t\t\t\t\t<\/div>\n\t\t\t\t\t<\/div>\n\t\t<\/div>\n\t\t\t\t\t\t\t\t<\/div>\n\t\t\t\t\t<\/div>\n\t\t<\/section>\n\t\t\t\t\t\t<\/div>\n\t\t\t\t\t\t<\/div>\n\t\t\t\t\t<\/div>\n\t\t","protected":false},"excerpt":{"rendered":"<p>Services \u00e0 la carte Nous d\u00e9finissons ensemble vos besoins* \u00a0 *La liste des prestations propos\u00e9es ci-dessous n&rsquo;est pas exhaustive. VITICULTEURS \u00a0Assistanat Commercial et administratif: &#8211; De la prise de commande jusqu&rsquo;\u00e0 la facturation, suivi des paiements et relances. &#8211; DMS et autres d\u00e9clarations li\u00e9es \u00e0 la l\u00e9gislation. &#8211; Achats de mati\u00e8res s\u00e8ches. &#8211; Organisation des [&hellip;]<\/p>\n","protected":false},"author":1,"featured_media":0,"parent":0,"menu_order":0,"comment_status":"closed","ping_status":"closed","template":"","meta":{"spay_email":""},"_links":{"self":[{"href":"https:\/\/spwinadmin.fr\/index.php?rest_route=\/wp\/v2\/pages\/59"}],"collection":[{"href":"https:\/\/spwinadmin.fr\/index.php?rest_route=\/wp\/v2\/pages"}],"about":[{"href":"https:\/\/spwinadmin.fr\/index.php?rest_route=\/wp\/v2\/types\/page"}],"author":[{"embeddable":true,"href":"https:\/\/spwinadmin.fr\/index.php?rest_route=\/wp\/v2\/users\/1"}],"replies":[{"embeddable":true,"href":"https:\/\/spwinadmin.fr\/index.php?rest_route=%2Fwp%2Fv2%2Fcomments&post=59"}],"version-history":[{"count":17,"href":"https:\/\/spwinadmin.fr\/index.php?rest_route=\/wp\/v2\/pages\/59\/revisions"}],"predecessor-version":[{"id":161,"href":"https:\/\/spwinadmin.fr\/index.php?rest_route=\/wp\/v2\/pages\/59\/revisions\/161"}],"wp:attachment":[{"href":"https:\/\/spwinadmin.fr\/index.php?rest_route=%2Fwp%2Fv2%2Fmedia&parent=59"}],"curies":[{"name":"wp","href":"https:\/\/api.w.org\/{rel}","templated":true}]}}